{"id":9952,"date":"2017-10-19T17:13:46","date_gmt":"2017-10-19T15:13:46","guid":{"rendered":"http:\/\/www.aula.uni-saarland.de\/?page_id=9952"},"modified":"2017-11-02T16:10:54","modified_gmt":"2017-11-02T14:10:54","slug":"lernen","status":"publish","type":"page","link":"https:\/\/aulaalt.designladen.com\/?page_id=9952","title":{"rendered":"Lernen mit Aula"},"content":{"rendered":"<p><a href=\"https:\/\/aulaalt.designladen.com\/?page_id=9630\"><img decoding=\"async\" class=\"lang-change\" src=\"https:\/\/aulaalt.designladen.com\/wp-content\/plugins\/qtranslate\/flags\/es.alt.png\" alt=\"\" \/><\/a><a href=\"#\"><img decoding=\"async\" class=\"lang-change\" src=\"https:\/\/aulaalt.designladen.com\/wp-content\/plugins\/qtranslate\/flags\/de.png\" alt=\"\" \/><\/a><\/p>\n<h1>Lernen mit\u00a0<em>Aula<\/em><\/h1>\n<ul class=\"fixit aprender\">\n<li><a href=\"https:\/\/aulaalt.designladen.com\/?page_id=10004\">Arbeiten mit dem Modul <em>Grammatik <\/em><\/a><\/li>\n<li><a href=\"https:\/\/aulaalt.designladen.com\/?page_id=10006\">Arbeiten mit dem Modul <em>Phonetik<\/em><\/a><\/li>\n<li><a href=\"https:\/\/aulaalt.designladen.com\/?page_id=10007\">Arbeiten mit dem Modul <em>Konjugation<\/em><\/a><\/li>\n<li>[expand title=&#8220;Andere sprachliche Fertigkeiten erlernen&#8220;]\n<p>Es ist bereits eine Erweiterung von <em>Aula<\/em> geplant. In dem neuen Modul sollen folgende Fertigkeiten\u00a0erschlossen werden:<\/p>\n<ul>\n<li>H\u00f6rverstehen<\/li>\n<li>Leseverstehen<\/li>\n<li>Schriftlicher Ausdruck (mit Mustertexten)<\/li>\n<\/ul>\n<p>[\/expand]<\/li>\n<li>[expand title=&#8220;Welche Funktionen sind derzeit noch inaktiv?&#8220;]\n<p>Unsere finanziellen Mittel sind bescheiden, weshalb sich die Webseite immer noch im Aufbau befindet. Derzeit ist es nicht m\u00f6glich:<\/p>\n<ul style=\"list-style-type: circle;\">\n<li>sich als Benutzer zu registrieren, um die bearbeiteten Einheiten zu speichern und die Verl\u00e4ufe zu personalisieren.<\/li>\n<li>Eine Fehlerdiagnose zu erstellen, um Defizite zu erkennen und ma\u00dfgeschneiderte \u00dcbungseinheiten vom System zu erhalten.<\/li>\n<\/ul>\n<p>Wir arbeiten momentan daran, L\u00f6sungen zu finden, damit die Webseite die geplante Funktionalit\u00e4ten erh\u00e4lt.<\/p>\n<p>[\/expand]<\/li>\n<li><\/li>\n<p>[expand title=&#8220;Haben Sie Anregungen?&#8220;]<\/p>\n<p>Kontaktieren Sie uns unter:\u00a0<a href=\"mailto:herrero@mx.uni-saarland.de\">herrero@mx.uni-saarland.de<\/a><\/p>\n<p>[\/expand]<\/li>\n<\/ul>\n","protected":false},"excerpt":{"rendered":"<p>Lernen mit\u00a0Aula Arbeiten mit dem Modul Grammatik Arbeiten mit dem Modul Phonetik Arbeiten mit dem Modul Konjugation [expand title=&#8220;Andere sprachliche Fertigkeiten erlernen&#8220;] Es ist bereits eine Erweiterung von Aula geplant. In dem neuen Modul sollen folgende Fertigkeiten\u00a0erschlossen werden: H\u00f6rverstehen Leseverstehen<span class=\"ellipsis\">&hellip;<\/span><\/p>\n<div class=\"read-more\"><a href=\"https:\/\/aulaalt.designladen.com\/?page_id=9952\">Weiterlesen \u203a<\/a><\/div>\n<p><!-- end of .read-more --><\/p>\n","protected":false},"author":2,"featured_media":0,"parent":0,"menu_order":7,"comment_status":"open","ping_status":"open","template":"unterseiten.php","meta":{"footnotes":""},"wf_page_folders":[],"class_list":["post-9952","page","type-page","status-publish","hentry"],"_links":{"self":[{"href":"https:\/\/aulaalt.designladen.com\/index.php?rest_route=\/wp\/v2\/pages\/9952","targetHints":{"allow":["GET"]}}],"collection":[{"href":"https:\/\/aulaalt.designladen.com\/index.php?rest_route=\/wp\/v2\/pages"}],"about":[{"href":"https:\/\/aulaalt.designladen.com\/index.php?rest_route=\/wp\/v2\/types\/page"}],"author":[{"embeddable":true,"href":"https:\/\/aulaalt.designladen.com\/index.php?rest_route=\/wp\/v2\/users\/2"}],"replies":[{"embeddable":true,"href":"https:\/\/aulaalt.designladen.com\/index.php?rest_route=%2Fwp%2Fv2%2Fcomments&post=9952"}],"version-history":[{"count":0,"href":"https:\/\/aulaalt.designladen.com\/index.php?rest_route=\/wp\/v2\/pages\/9952\/revisions"}],"wp:attachment":[{"href":"https:\/\/aulaalt.designladen.com\/index.php?rest_route=%2Fwp%2Fv2%2Fmedia&parent=9952"}],"wp:term":[{"taxonomy":"wf_page_folders","embeddable":true,"href":"https:\/\/aulaalt.designladen.com\/index.php?rest_route=%2Fwp%2Fv2%2Fwf_page_folders&post=9952"}],"curies":[{"name":"wp","href":"https:\/\/api.w.org\/{rel}","templated":true}]}}

<p><a href="https://aulaalt.designladen.com/?page_id=9630"><img decoding="async" class="lang-change" src="https://aulaalt.designladen.com/wp-content/plugins/qtranslate/flags/es.alt.png" alt="" /></a><a href="#"><img decoding="async" class="lang-change" src="https://aulaalt.designladen.com/wp-content/plugins/qtranslate/flags/de.png" alt="" /></a></p>
<h1>Lernen mit <em>Aula</em></h1>
<ul class="fixit aprender">
<li><a href="https://aulaalt.designladen.com/?page_id=10004">Arbeiten mit dem Modul <em>Grammatik </em></a></li>
<li><a href="https://aulaalt.designladen.com/?page_id=10006">Arbeiten mit dem Modul <em>Phonetik</em></a></li>
<li><a href="https://aulaalt.designladen.com/?page_id=10007">Arbeiten mit dem Modul <em>Konjugation</em></a></li>
<li>[expand title=&#8220;Andere sprachliche Fertigkeiten erlernen&#8220;]
<p>Es ist bereits eine Erweiterung von <em>Aula</em> geplant. In dem neuen Modul sollen folgende Fertigkeiten erschlossen werden:</p>
<ul>
<li>Hörverstehen</li>
<li>Leseverstehen</li>
<li>Schriftlicher Ausdruck (mit Mustertexten)</li>
</ul>
<p>[/expand]</li>
<li>[expand title=&#8220;Welche Funktionen sind derzeit noch inaktiv?&#8220;]
<p>Unsere finanziellen Mittel sind bescheiden, weshalb sich die Webseite immer noch im Aufbau befindet. Derzeit ist es nicht möglich:</p>
<ul style="list-style-type: circle;">
<li>sich als Benutzer zu registrieren, um die bearbeiteten Einheiten zu speichern und die Verläufe zu personalisieren.</li>
<li>Eine Fehlerdiagnose zu erstellen, um Defizite zu erkennen und maßgeschneiderte Übungseinheiten vom System zu erhalten.</li>
</ul>
<p>Wir arbeiten momentan daran, Lösungen zu finden, damit die Webseite die geplante Funktionalitäten erhält.</p>
<p>[/expand]</li>
<li></li>
<p>[expand title=&#8220;Haben Sie Anregungen?&#8220;]</p>
<p>Kontaktieren Sie uns unter: <a href="mailto:herrero@mx.uni-saarland.de">herrero@mx.uni-saarland.de</a></p>
<p>[/expand]</li>
</ul>

<p>Lernen mit Aula Arbeiten mit dem Modul Grammatik Arbeiten mit dem Modul Phonetik Arbeiten mit dem Modul Konjugation [expand title=&#8220;Andere sprachliche Fertigkeiten erlernen&#8220;] Es ist bereits eine Erweiterung von Aula geplant. In dem neuen Modul sollen folgende Fertigkeiten erschlossen werden: Hörverstehen Leseverstehen<span class="ellipsis">&hellip;</span></p>
<div class="read-more"><a href="https://aulaalt.designladen.com/?page_id=9952">Weiterlesen ›</a></div>
<p><!-- end of .read-more --></p>
