{"id":9630,"date":"2017-10-05T11:31:01","date_gmt":"2017-10-05T09:31:01","guid":{"rendered":"http:\/\/www.aula.uni-saarland.de\/?page_id=9630"},"modified":"2017-10-25T00:33:44","modified_gmt":"2017-10-24T22:33:44","slug":"ayuda","status":"publish","type":"page","link":"https:\/\/aulaalt.designladen.com\/?page_id=9630","title":{"rendered":"Aprender con Aula"},"content":{"rendered":"<p><a href=\"#\"><img decoding=\"async\" class=\"lang-change\" src=\"https:\/\/aulaalt.designladen.com\/wp-content\/plugins\/qtranslate\/flags\/es.alt.png\" alt=\"\" \/><\/a><a href=\"https:\/\/aulaalt.designladen.com\/?page_id=9952\"><img decoding=\"async\" class=\"lang-change\" src=\"https:\/\/aulaalt.designladen.com\/wp-content\/plugins\/qtranslate\/flags\/de.png\" alt=\"\" \/><\/a><\/p>\n<h1>\u00a0<\/h1>\n<ul class=\"fixit aprender\">\n<li><a href=\"https:\/\/aulaalt.designladen.com\/?page_id=9885\">\u00bfQuieres trabajar la gram\u00e1tica?<\/a><\/li>\n<li><a href=\"https:\/\/aulaalt.designladen.com\/?page_id=9886\">\u00bfQuieres trabajar la fon\u00e9tica?<\/a><\/li>\n<li><a href=\"https:\/\/aulaalt.designladen.com\/?page_id=9887\">\u00bfQuieres trabajar la conjugaci\u00f3n?<\/a><\/li>\n<li>[expand title=&#8220;\u00bfQuieres trabajar otras destrezas?&#8220;]\n<p>En fases posteriores est\u00e1 prevista una ampliaci\u00f3n de Aula con un nuevo m\u00f3dulo en el que trabajar las siguientes destrezas:<\/p>\n<ul>\n<li>comprensi\u00f3n auditiva<\/li>\n<li>comprensi\u00f3n lectora<\/li>\n<li>expresi\u00f3n escrita (trabajando con textos modelo)<\/li>\n<\/ul>\n<p>[\/expand]<\/p>\n<\/li>\n<li>[expand title=&#8220;\u00bfQu\u00e9 funciones no est\u00e1n activadas?&#8220;]\n<p>Disponemos de\u00a0un presupuesto muy modesto, por eso estamos todav\u00eda \u201cen construcci\u00f3n\u201d. Actualmente no es posible:<\/p>\n<ul>\n<li>Registrarse como usuario para que el sistema guarde las unidades trabajadas y personalice los recorridos.<\/li>\n<li>Hacer un diagn\u00f3stico de los errores que permita detectar d\u00e9ficits y proponer unidades personalizadas de ejercitaci\u00f3n y repaso.<\/li>\n<\/ul>\n<p>Estamos trabajando para encontrar soluciones\u00a0y subsanar este tipo de limitaciones t\u00e9cnicas. Perdonad las molestias.<\/p>\n<p>[\/expand]<\/p>\n<\/li>\n<li>[expand title=&#8220;\u00bfTienes sugerencias?&#8220;]\n<p>Cont\u00e1ctanos en <a href=\"mailto:herrero@mx.uni-saarland.de\">herrero@mx.uni-saarland.de<\/a><\/p>\n<p>[\/expand]<\/p>\n<\/li>\n<\/ul>\n","protected":false},"excerpt":{"rendered":"<p>\u00a0 \u00bfQuieres trabajar la gram\u00e1tica? \u00bfQuieres trabajar la fon\u00e9tica? \u00bfQuieres trabajar la conjugaci\u00f3n? [expand title=&#8220;\u00bfQuieres trabajar otras destrezas?&#8220;] En fases posteriores est\u00e1 prevista una ampliaci\u00f3n de Aula con un nuevo m\u00f3dulo en el que trabajar las siguientes destrezas: comprensi\u00f3n auditiva<span class=\"ellipsis\">&hellip;<\/span><\/p>\n<div class=\"read-more\"><a href=\"https:\/\/aulaalt.designladen.com\/?page_id=9630\">Weiterlesen \u203a<\/a><\/div>\n<p><!-- end of .read-more --><\/p>\n","protected":false},"author":2,"featured_media":0,"parent":0,"menu_order":8,"comment_status":"open","ping_status":"open","template":"unterseiten.php","meta":{"footnotes":""},"wf_page_folders":[],"class_list":["post-9630","page","type-page","status-publish","hentry"],"_links":{"self":[{"href":"https:\/\/aulaalt.designladen.com\/index.php?rest_route=\/wp\/v2\/pages\/9630","targetHints":{"allow":["GET"]}}],"collection":[{"href":"https:\/\/aulaalt.designladen.com\/index.php?rest_route=\/wp\/v2\/pages"}],"about":[{"href":"https:\/\/aulaalt.designladen.com\/index.php?rest_route=\/wp\/v2\/types\/page"}],"author":[{"embeddable":true,"href":"https:\/\/aulaalt.designladen.com\/index.php?rest_route=\/wp\/v2\/users\/2"}],"replies":[{"embeddable":true,"href":"https:\/\/aulaalt.designladen.com\/index.php?rest_route=%2Fwp%2Fv2%2Fcomments&post=9630"}],"version-history":[{"count":0,"href":"https:\/\/aulaalt.designladen.com\/index.php?rest_route=\/wp\/v2\/pages\/9630\/revisions"}],"wp:attachment":[{"href":"https:\/\/aulaalt.designladen.com\/index.php?rest_route=%2Fwp%2Fv2%2Fmedia&parent=9630"}],"wp:term":[{"taxonomy":"wf_page_folders","embeddable":true,"href":"https:\/\/aulaalt.designladen.com\/index.php?rest_route=%2Fwp%2Fv2%2Fwf_page_folders&post=9630"}],"curies":[{"name":"wp","href":"https:\/\/api.w.org\/{rel}","templated":true}]}}

<p><a href="#"><img decoding="async" class="lang-change" src="https://aulaalt.designladen.com/wp-content/plugins/qtranslate/flags/es.alt.png" alt="" /></a><a href="https://aulaalt.designladen.com/?page_id=9952"><img decoding="async" class="lang-change" src="https://aulaalt.designladen.com/wp-content/plugins/qtranslate/flags/de.png" alt="" /></a></p>
<h1> </h1>
<ul class="fixit aprender">
<li><a href="https://aulaalt.designladen.com/?page_id=9885">¿Quieres trabajar la gramática?</a></li>
<li><a href="https://aulaalt.designladen.com/?page_id=9886">¿Quieres trabajar la fonética?</a></li>
<li><a href="https://aulaalt.designladen.com/?page_id=9887">¿Quieres trabajar la conjugación?</a></li>
<li>[expand title=&#8220;¿Quieres trabajar otras destrezas?&#8220;]
<p>En fases posteriores está prevista una ampliación de Aula con un nuevo módulo en el que trabajar las siguientes destrezas:</p>
<ul>
<li>comprensión auditiva</li>
<li>comprensión lectora</li>
<li>expresión escrita (trabajando con textos modelo)</li>
</ul>
<p>[/expand]</p>
</li>
<li>[expand title=&#8220;¿Qué funciones no están activadas?&#8220;]
<p>Disponemos de un presupuesto muy modesto, por eso estamos todavía “en construcción”. Actualmente no es posible:</p>
<ul>
<li>Registrarse como usuario para que el sistema guarde las unidades trabajadas y personalice los recorridos.</li>
<li>Hacer un diagnóstico de los errores que permita detectar déficits y proponer unidades personalizadas de ejercitación y repaso.</li>
</ul>
<p>Estamos trabajando para encontrar soluciones y subsanar este tipo de limitaciones técnicas. Perdonad las molestias.</p>
<p>[/expand]</p>
</li>
<li>[expand title=&#8220;¿Tienes sugerencias?&#8220;]
<p>Contáctanos en <a href="mailto:herrero@mx.uni-saarland.de">herrero@mx.uni-saarland.de</a></p>
<p>[/expand]</p>
</li>
</ul>

<p>  ¿Quieres trabajar la gramática? ¿Quieres trabajar la fonética? ¿Quieres trabajar la conjugación? [expand title=&#8220;¿Quieres trabajar otras destrezas?&#8220;] En fases posteriores está prevista una ampliación de Aula con un nuevo módulo en el que trabajar las siguientes destrezas: comprensión auditiva<span class="ellipsis">&hellip;</span></p>
<div class="read-more"><a href="https://aulaalt.designladen.com/?page_id=9630">Weiterlesen ›</a></div>
<p><!-- end of .read-more --></p>
