{"id":9422,"date":"2017-01-20T10:44:38","date_gmt":"2017-01-20T08:44:38","guid":{"rendered":"http:\/\/www.aula.uni-saarland.de\/?page_id=9422"},"modified":"2017-10-25T00:27:23","modified_gmt":"2017-10-24T22:27:23","slug":"impressum","status":"publish","type":"page","link":"https:\/\/aulaalt.designladen.com\/?page_id=9422","title":{"rendered":"Impressum"},"content":{"rendered":"<h2><span style=\"color: #003366;\"><strong>Impressum <\/strong><\/span><\/h2>\n<p>Leitung und Ausarbeitung von <em>Aula de espa\u00f1ol<\/em> <em>online<\/em>:<\/p>\n<p>Dr. Rosario Herrero<\/p>\n<p>Fachrichtung Sprachwissenschaft und Sprachtechnologie<\/p>\n<p>Angewandte Sprachwissenschaft sowie \u00dcbersetzen und Dolmetschen (Spanische Abteilung)<\/p>\n<p>Technische Implementierung: <em>Centre for e-Learning Technology<\/em> (CeLTech) im <em>Deutsches Forschungszentrum f\u00fcr K\u00fcnstliche Intelligenz<\/em> (DFKI) der Universit\u00e4t des Saarlandes<\/p>\n<p>Technische Weiterentwicklung und Support: <em>NEOCOSMO GmbH<\/em><\/p>\n<p>Illustrationen: Viktoria Schimova<\/p>\n<p>&nbsp;<\/p>\n<h2><span style=\"color: #003366;\"><strong>Postanschrift<\/strong><\/span><\/h2>\n<p>FR Sprachwissenschaft und Sprachtechnologie<\/p>\n<p>Universit\u00e4t des Saarlandes<\/p>\n<p>Campus<\/p>\n<p>Geb\u00e4ude A2 2\u00a0 Zimmer 1.19<\/p>\n<p>66123 Saarbr\u00fccken<\/p>\n<p>Telefon: 0681\/ 302-3512<\/p>\n<p>Email: <a href=\"mailto:herrero@mx.uni-saarland.de\">herrero@mx.uni-saarland.de<\/a><\/p>\n<p><strong>\u00a0<\/strong><\/p>\n<h2><span style=\"color: #003366;\"><strong>Rechtliche Hinweise<\/strong><\/span><\/h2>\n<p>Der Inhalt der Webseite ist geistiges Eigentum der Autorin.<\/p>\n<p>Es wurden nur CC-lizenzierte Inhalte\u00a0(Fotos, Musik) verwendet.<\/p>\n","protected":false},"excerpt":{"rendered":"<p>Impressum Leitung und Ausarbeitung von Aula de espa\u00f1ol online: Dr. Rosario Herrero Fachrichtung Sprachwissenschaft und Sprachtechnologie Angewandte Sprachwissenschaft sowie \u00dcbersetzen und Dolmetschen (Spanische Abteilung) Technische Implementierung: Centre for e-Learning Technology (CeLTech) im Deutsches Forschungszentrum f\u00fcr K\u00fcnstliche Intelligenz (DFKI) der Universit\u00e4t<span class=\"ellipsis\">&hellip;<\/span><\/p>\n<div class=\"read-more\"><a href=\"https:\/\/aulaalt.designladen.com\/?page_id=9422\">Weiterlesen \u203a<\/a><\/div>\n<p><!-- end of .read-more --><\/p>\n","protected":false},"author":1,"featured_media":0,"parent":0,"menu_order":18,"comment_status":"open","ping_status":"open","template":"unterseiten.php","meta":{"footnotes":""},"wf_page_folders":[],"class_list":["post-9422","page","type-page","status-publish","hentry"],"_links":{"self":[{"href":"https:\/\/aulaalt.designladen.com\/index.php?rest_route=\/wp\/v2\/pages\/9422","targetHints":{"allow":["GET"]}}],"collection":[{"href":"https:\/\/aulaalt.designladen.com\/index.php?rest_route=\/wp\/v2\/pages"}],"about":[{"href":"https:\/\/aulaalt.designladen.com\/index.php?rest_route=\/wp\/v2\/types\/page"}],"author":[{"embeddable":true,"href":"https:\/\/aulaalt.designladen.com\/index.php?rest_route=\/wp\/v2\/users\/1"}],"replies":[{"embeddable":true,"href":"https:\/\/aulaalt.designladen.com\/index.php?rest_route=%2Fwp%2Fv2%2Fcomments&post=9422"}],"version-history":[{"count":0,"href":"https:\/\/aulaalt.designladen.com\/index.php?rest_route=\/wp\/v2\/pages\/9422\/revisions"}],"wp:attachment":[{"href":"https:\/\/aulaalt.designladen.com\/index.php?rest_route=%2Fwp%2Fv2%2Fmedia&parent=9422"}],"wp:term":[{"taxonomy":"wf_page_folders","embeddable":true,"href":"https:\/\/aulaalt.designladen.com\/index.php?rest_route=%2Fwp%2Fv2%2Fwf_page_folders&post=9422"}],"curies":[{"name":"wp","href":"https:\/\/api.w.org\/{rel}","templated":true}]}}

<h2><span style="color: #003366;"><strong>Impressum </strong></span></h2>
<p>Leitung und Ausarbeitung von <em>Aula de español</em> <em>online</em>:</p>
<p>Dr. Rosario Herrero</p>
<p>Fachrichtung Sprachwissenschaft und Sprachtechnologie</p>
<p>Angewandte Sprachwissenschaft sowie Übersetzen und Dolmetschen (Spanische Abteilung)</p>
<p>Technische Implementierung: <em>Centre for e-Learning Technology</em> (CeLTech) im <em>Deutsches Forschungszentrum für Künstliche Intelligenz</em> (DFKI) der Universität des Saarlandes</p>
<p>Technische Weiterentwicklung und Support: <em>NEOCOSMO GmbH</em></p>
<p>Illustrationen: Viktoria Schimova</p>
<p>&nbsp;</p>
<h2><span style="color: #003366;"><strong>Postanschrift</strong></span></h2>
<p>FR Sprachwissenschaft und Sprachtechnologie</p>
<p>Universität des Saarlandes</p>
<p>Campus</p>
<p>Gebäude A2 2  Zimmer 1.19</p>
<p>66123 Saarbrücken</p>
<p>Telefon: 0681/ 302-3512</p>
<p>Email: <a href="mailto:herrero@mx.uni-saarland.de">herrero@mx.uni-saarland.de</a></p>
<p><strong> </strong></p>
<h2><span style="color: #003366;"><strong>Rechtliche Hinweise</strong></span></h2>
<p>Der Inhalt der Webseite ist geistiges Eigentum der Autorin.</p>
<p>Es wurden nur CC-lizenzierte Inhalte (Fotos, Musik) verwendet.</p>

<p>Impressum Leitung und Ausarbeitung von Aula de español online: Dr. Rosario Herrero Fachrichtung Sprachwissenschaft und Sprachtechnologie Angewandte Sprachwissenschaft sowie Übersetzen und Dolmetschen (Spanische Abteilung) Technische Implementierung: Centre for e-Learning Technology (CeLTech) im Deutsches Forschungszentrum für Künstliche Intelligenz (DFKI) der Universität<span class="ellipsis">&hellip;</span></p>
<div class="read-more"><a href="https://aulaalt.designladen.com/?page_id=9422">Weiterlesen ›</a></div>
<p><!-- end of .read-more --></p>
