{"id":10124,"date":"2017-11-02T16:42:36","date_gmt":"2017-11-02T14:42:36","guid":{"rendered":"http:\/\/www.aula.uni-saarland.de\/?page_id=10124"},"modified":"2017-11-02T16:42:36","modified_gmt":"2017-11-02T14:42:36","slug":"que-rasgos-caracterizan-esta-plataforma","status":"publish","type":"page","link":"https:\/\/aulaalt.designladen.com\/?page_id=10124","title":{"rendered":"\u00bfQu\u00e9 rasgos caracterizan esta plataforma?"},"content":{"rendered":"<h2><span style=\"color: #003366;\">2. \u00bfQu\u00e9 rasgos caracterizan la plataforma?<\/span><\/h2>\n<p>El dise\u00f1o de <em>Aula<\/em> se caracteriza por:<\/p>\n<ul style=\"list-style-type: circle;\">\n<li>Su <em>estructura modular<\/em>, que permite organizar el aprendizaje atendiendo a distintos \u00e1mbitos de ejercitaci\u00f3n.<\/li>\n<li>Su <em>car\u00e1cter progresivo<\/em>: todos los temas incluyen una divisi\u00f3n en dos niveles (A1-A2\/ B1-B2), en cuyo interior los contenidos se van graduando seg\u00fan su nivel de dificultad.<\/li>\n<li>El <em>volumen de ejercicios, <\/em>con m\u00e1s de 7000 entradas, que se ir\u00e1n ampliando a medida que se vaya avanzando en la construcci\u00f3n de la plataforma.<\/li>\n<li>La <em>flexibilidad en los recorridos de trabajo<\/em>, al permitir que el usuario elija entre dos modos de navegaci\u00f3n:<\/li>\n<\/ul>\n<p style=\"padding-left: 60px;\">&#8211; <em>Modo guiado<\/em>: el sistema propone un recorrido de aprendizaje lineal a trav\u00e9s de una barra de navegaci\u00f3n estructurada en diez fases.<\/p>\n<p style=\"padding-left: 60px;\">&#8211;<em>Modo libre<\/em>: el usuario decide de forma individual y en funci\u00f3n de sus necesidades, qu\u00e9 ejercicios desea practicar.<\/p>\n<ul style=\"list-style-type: circle;\">\n<li>Su voluntad de <em>didactizar los contenidos te\u00f3ricos<\/em> aplicando principios b\u00e1sicos del aprendizaje como:\n<ul>\n<li>la <em>elementalizaci\u00f3n<\/em> (partir de lo sencillo para llegar a lo complejo)<\/li>\n<li>la <em>generalizaci\u00f3n <\/em>(partir de la regla general para llegar a su excepci\u00f3n)<\/li>\n<li>la <em>visualizaci\u00f3n<\/em> (partir de lo concreto para llegar a lo abstracto)<\/li>\n<li>la<em> secuenciaci\u00f3n <\/em>(presentar el aprendizaje como un recorrido visualizable basado en un n\u00famero limitado de etapas que conducen a una meta)<\/li>\n<li>la <em>s\u00edntesis<\/em> (ofrecer, como punto de llegada, una visi\u00f3n de conjunto donde el problema gramatical se percibe como un todo estructurado y con l\u00edmites bien definidos).<\/li>\n<\/ul>\n<\/li>\n<\/ul>\n<p>En definitiva, intentamos convertir el aprendizaje en una experiencia concreta y visualizable. Y ello porque asumimos dos principios cognitivos fundamentales: que el pensamiento conceptual se basa en buena medida en la experiencia f\u00edsica y que una correcta estructuraci\u00f3n de contenidos vehiculados a trav\u00e9s de representaciones visuales hace posible su mejor almacenamiento y activaci\u00f3n en contextos comunicativos.<\/p>\n","protected":false},"excerpt":{"rendered":"<p>2. \u00bfQu\u00e9 rasgos caracterizan la plataforma? El dise\u00f1o de Aula se caracteriza por: Su estructura modular, que permite organizar el aprendizaje atendiendo a distintos \u00e1mbitos de ejercitaci\u00f3n. Su car\u00e1cter progresivo: todos los temas incluyen una divisi\u00f3n en dos niveles (A1-A2\/<span class=\"ellipsis\">&hellip;<\/span><\/p>\n<div class=\"read-more\"><a href=\"https:\/\/aulaalt.designladen.com\/?page_id=10124\">Weiterlesen \u203a<\/a><\/div>\n<p><!-- end of .read-more --><\/p>\n","protected":false},"author":2,"featured_media":0,"parent":9826,"menu_order":1,"comment_status":"open","ping_status":"open","template":"unterseiten.php","meta":{"footnotes":""},"wf_page_folders":[],"class_list":["post-10124","page","type-page","status-publish","hentry"],"_links":{"self":[{"href":"https:\/\/aulaalt.designladen.com\/index.php?rest_route=\/wp\/v2\/pages\/10124","targetHints":{"allow":["GET"]}}],"collection":[{"href":"https:\/\/aulaalt.designladen.com\/index.php?rest_route=\/wp\/v2\/pages"}],"about":[{"href":"https:\/\/aulaalt.designladen.com\/index.php?rest_route=\/wp\/v2\/types\/page"}],"author":[{"embeddable":true,"href":"https:\/\/aulaalt.designladen.com\/index.php?rest_route=\/wp\/v2\/users\/2"}],"replies":[{"embeddable":true,"href":"https:\/\/aulaalt.designladen.com\/index.php?rest_route=%2Fwp%2Fv2%2Fcomments&post=10124"}],"version-history":[{"count":0,"href":"https:\/\/aulaalt.designladen.com\/index.php?rest_route=\/wp\/v2\/pages\/10124\/revisions"}],"up":[{"embeddable":true,"href":"https:\/\/aulaalt.designladen.com\/index.php?rest_route=\/wp\/v2\/pages\/9826"}],"wp:attachment":[{"href":"https:\/\/aulaalt.designladen.com\/index.php?rest_route=%2Fwp%2Fv2%2Fmedia&parent=10124"}],"wp:term":[{"taxonomy":"wf_page_folders","embeddable":true,"href":"https:\/\/aulaalt.designladen.com\/index.php?rest_route=%2Fwp%2Fv2%2Fwf_page_folders&post=10124"}],"curies":[{"name":"wp","href":"https:\/\/api.w.org\/{rel}","templated":true}]}}

¿Qué rasgos caracterizan esta plataforma?

<h2><span style="color: #003366;">2. ¿Qué rasgos caracterizan la plataforma?</span></h2>
<p>El diseño de <em>Aula</em> se caracteriza por:</p>
<ul style="list-style-type: circle;">
<li>Su <em>estructura modular</em>, que permite organizar el aprendizaje atendiendo a distintos ámbitos de ejercitación.</li>
<li>Su <em>carácter progresivo</em>: todos los temas incluyen una división en dos niveles (A1-A2/ B1-B2), en cuyo interior los contenidos se van graduando según su nivel de dificultad.</li>
<li>El <em>volumen de ejercicios, </em>con más de 7000 entradas, que se irán ampliando a medida que se vaya avanzando en la construcción de la plataforma.</li>
<li>La <em>flexibilidad en los recorridos de trabajo</em>, al permitir que el usuario elija entre dos modos de navegación:</li>
</ul>
<p style="padding-left: 60px;">&#8211; <em>Modo guiado</em>: el sistema propone un recorrido de aprendizaje lineal a través de una barra de navegación estructurada en diez fases.</p>
<p style="padding-left: 60px;">&#8211;<em>Modo libre</em>: el usuario decide de forma individual y en función de sus necesidades, qué ejercicios desea practicar.</p>
<ul style="list-style-type: circle;">
<li>Su voluntad de <em>didactizar los contenidos teóricos</em> aplicando principios básicos del aprendizaje como:
<ul>
<li>la <em>elementalización</em> (partir de lo sencillo para llegar a lo complejo)</li>
<li>la <em>generalización </em>(partir de la regla general para llegar a su excepción)</li>
<li>la <em>visualización</em> (partir de lo concreto para llegar a lo abstracto)</li>
<li>la<em> secuenciación </em>(presentar el aprendizaje como un recorrido visualizable basado en un número limitado de etapas que conducen a una meta)</li>
<li>la <em>síntesis</em> (ofrecer, como punto de llegada, una visión de conjunto donde el problema gramatical se percibe como un todo estructurado y con límites bien definidos).</li>
</ul>
</li>
</ul>
<p>En definitiva, intentamos convertir el aprendizaje en una experiencia concreta y visualizable. Y ello porque asumimos dos principios cognitivos fundamentales: que el pensamiento conceptual se basa en buena medida en la experiencia física y que una correcta estructuración de contenidos vehiculados a través de representaciones visuales hace posible su mejor almacenamiento y activación en contextos comunicativos.</p>

<p>2. ¿Qué rasgos caracterizan la plataforma? El diseño de Aula se caracteriza por: Su estructura modular, que permite organizar el aprendizaje atendiendo a distintos ámbitos de ejercitación. Su carácter progresivo: todos los temas incluyen una división en dos niveles (A1-A2/<span class="ellipsis">&hellip;</span></p>
<div class="read-more"><a href="https://aulaalt.designladen.com/?page_id=10124">Weiterlesen ›</a></div>
<p><!-- end of .read-more --></p>
