{"id":10123,"date":"2017-11-02T16:42:59","date_gmt":"2017-11-02T14:42:59","guid":{"rendered":"http:\/\/www.aula.uni-saarland.de\/?page_id=10123"},"modified":"2017-11-02T16:43:05","modified_gmt":"2017-11-02T14:43:05","slug":"por-que-aula","status":"publish","type":"page","link":"https:\/\/aulaalt.designladen.com\/?page_id=10123","title":{"rendered":"\u00bfPor qu\u00e9 Aula?"},"content":{"rendered":"<h2><span style=\"color: #003366;\">1. \u00bfPor qu\u00e9 <em>Aula<\/em>?<\/span><\/h2>\n<p><em>Aula, portal del espa\u00f1ol L2,<\/em> es una plataforma de ense\u00f1anza virtual y de gesti\u00f3n del aprendizaje concebida para el estudio del espa\u00f1ol como lengua extranjera en los niveles elemental e intermedio.<\/p>\n<p><em>Aula<\/em> surge como proyecto de innovaci\u00f3n docente con el objetivo de aprovechar el potencial did\u00e1ctico que ofrecen las nuevas tecnolog\u00edas para dinamizar la ense\u00f1anza presencial y flexibilizar los procesos de aprendizaje.<\/p>\n<p>En su dise\u00f1o actual, <em>Aula<\/em> proporciona apoyo en la asimilaci\u00f3n y pr\u00e1ctica de contenidos fon\u00e9ticos, morfol\u00f3gicos y gramaticales. En fases posteriores est\u00e1 previsto incorporar materiales para la ejercitaci\u00f3n de destrezas (comprensi\u00f3n auditiva y lectora; expresi\u00f3n escrita con ayuda de textos modelo), as\u00ed como informaci\u00f3n y pr\u00e1cticas multimedia sobre la cultura de los pa\u00edses hispanohablantes.<\/p>\n","protected":false},"excerpt":{"rendered":"<p>1. \u00bfPor qu\u00e9 Aula? Aula, portal del espa\u00f1ol L2, es una plataforma de ense\u00f1anza virtual y de gesti\u00f3n del aprendizaje concebida para el estudio del espa\u00f1ol como lengua extranjera en los niveles elemental e intermedio. Aula surge como proyecto de<span class=\"ellipsis\">&hellip;<\/span><\/p>\n<div class=\"read-more\"><a href=\"https:\/\/aulaalt.designladen.com\/?page_id=10123\">Weiterlesen \u203a<\/a><\/div>\n<p><!-- end of .read-more --><\/p>\n","protected":false},"author":2,"featured_media":0,"parent":9826,"menu_order":0,"comment_status":"open","ping_status":"open","template":"unterseiten.php","meta":{"footnotes":""},"wf_page_folders":[],"class_list":["post-10123","page","type-page","status-publish","hentry"],"_links":{"self":[{"href":"https:\/\/aulaalt.designladen.com\/index.php?rest_route=\/wp\/v2\/pages\/10123","targetHints":{"allow":["GET"]}}],"collection":[{"href":"https:\/\/aulaalt.designladen.com\/index.php?rest_route=\/wp\/v2\/pages"}],"about":[{"href":"https:\/\/aulaalt.designladen.com\/index.php?rest_route=\/wp\/v2\/types\/page"}],"author":[{"embeddable":true,"href":"https:\/\/aulaalt.designladen.com\/index.php?rest_route=\/wp\/v2\/users\/2"}],"replies":[{"embeddable":true,"href":"https:\/\/aulaalt.designladen.com\/index.php?rest_route=%2Fwp%2Fv2%2Fcomments&post=10123"}],"version-history":[{"count":0,"href":"https:\/\/aulaalt.designladen.com\/index.php?rest_route=\/wp\/v2\/pages\/10123\/revisions"}],"up":[{"embeddable":true,"href":"https:\/\/aulaalt.designladen.com\/index.php?rest_route=\/wp\/v2\/pages\/9826"}],"wp:attachment":[{"href":"https:\/\/aulaalt.designladen.com\/index.php?rest_route=%2Fwp%2Fv2%2Fmedia&parent=10123"}],"wp:term":[{"taxonomy":"wf_page_folders","embeddable":true,"href":"https:\/\/aulaalt.designladen.com\/index.php?rest_route=%2Fwp%2Fv2%2Fwf_page_folders&post=10123"}],"curies":[{"name":"wp","href":"https:\/\/api.w.org\/{rel}","templated":true}]}}

¿Por qué Aula?

<h2><span style="color: #003366;">1. ¿Por qué <em>Aula</em>?</span></h2>
<p><em>Aula, portal del español L2,</em> es una plataforma de enseñanza virtual y de gestión del aprendizaje concebida para el estudio del español como lengua extranjera en los niveles elemental e intermedio.</p>
<p><em>Aula</em> surge como proyecto de innovación docente con el objetivo de aprovechar el potencial didáctico que ofrecen las nuevas tecnologías para dinamizar la enseñanza presencial y flexibilizar los procesos de aprendizaje.</p>
<p>En su diseño actual, <em>Aula</em> proporciona apoyo en la asimilación y práctica de contenidos fonéticos, morfológicos y gramaticales. En fases posteriores está previsto incorporar materiales para la ejercitación de destrezas (comprensión auditiva y lectora; expresión escrita con ayuda de textos modelo), así como información y prácticas multimedia sobre la cultura de los países hispanohablantes.</p>

<p>1. ¿Por qué Aula? Aula, portal del español L2, es una plataforma de enseñanza virtual y de gestión del aprendizaje concebida para el estudio del español como lengua extranjera en los niveles elemental e intermedio. Aula surge como proyecto de<span class="ellipsis">&hellip;</span></p>
<div class="read-more"><a href="https://aulaalt.designladen.com/?page_id=10123">Weiterlesen ›</a></div>
<p><!-- end of .read-more --></p>
