{"id":10004,"date":"2017-10-19T17:10:21","date_gmt":"2017-10-19T15:10:21","guid":{"rendered":"http:\/\/www.aula.uni-saarland.de\/?page_id=10004"},"modified":"2017-10-24T23:35:26","modified_gmt":"2017-10-24T21:35:26","slug":"gramatik-lernen","status":"publish","type":"page","link":"https:\/\/aulaalt.designladen.com\/?page_id=10004","title":{"rendered":"Arbeiten mit dem Modul Grammatik"},"content":{"rendered":"<p>&nbsp;<\/p>\n<ul class=\"quieres\">\n<li><a href=\"#theoria\">Theorie und Praxis <\/a><\/li>\n<li><a href=\"#imagenes\">Graphische Veranschaulichung <\/a><\/li>\n<li><a href=\"#recorrido\">Vorgegebener oder freier Verlauf <\/a><\/li>\n<li><a href=\"#ejercicios\">L\u00fccken\u00fcbungen <\/a><\/li>\n<li><a href=\"#correccion\">Korrektur der \u00dcbungen <\/a><\/li>\n<\/ul>\n<p><img decoding=\"async\" class=\"right-pic\" src=\"https:\/\/aulaalt.designladen.com\/wp-content\/uploads\/2017\/10\/img01966-4.jpg\" alt=\"\" \/><\/p>\n<h2 id=\"theoria\"><span style=\"color: #003366;\">1. Theorie und Praxis<\/span><\/h2>\n<p><em>Aula<\/em> bietet die M\u00f6glichkeit, sowohl theoretische Inhalte zu lernen als auch f\u00fcr die Praxis relevante \u00dcbungen zu machen.<\/p>\n<p>\u00a0Im theoretischen Teil kann man auf Lernkarten und Videos zugreifen und Im praktischen Teil kann man sich zwischen einem vorgegeben Verlauf und einem frei w\u00e4hlbaren Verlauf \u00a0entscheiden.<\/p>\n<p>Da sich <em>Aula<\/em> derzeit noch im Aufbau befindet, sind noch nicht alle vorgesehenen Themen verf\u00fcgbar. Wir bitten deshalb um Verst\u00e4ndnis.<\/p>\n<h2 id=\"imagenes\"><span style=\"color: #003366;\">2. Graphische Veranschaulichung\u00a0<\/span><\/h2>\n<p>Unser Ged\u00e4chtnis erinnert sich besser an konkrete Darstellungen als an abstrakte Konzepte.<\/p>\n<p>Es ist daher empfehlenswert, jede Grammatikregel mit einem repr\u00e4sentativen Musterbeispiel zu assoziieren. Diese Musterbeispiele werden mit Hilfe von schematisierten Zeichnungen mit prototypischem Charakter veranschaulicht. Dadurch k\u00f6nnen nachhaltigere Lernergebnisse gew\u00e4hrleistet werden.<\/p>\n<p>Beispiel: M\u00f6chte man im Spanischen das Zusammenspiel von <em>Imperfecto<\/em> und <em>Indefinido<\/em> innerhalb eines Satzes verinnerlichen, so lernt man dieses am besten mit Musterbeispielen (und ihren entsprechenden Zeichnungen), in denen die Grundegeln der Verwendung von <em>Imperfecto<\/em> und <em>Indefinido<\/em> zusammengefasst werden.<\/p>\n<p>Eine dieser Regeln spiegelt sich in paradigmatischer Form im folgenden Satz wider:<\/p>\n<p style=\"padding-left: 60px;\"><span style=\"color: #003366;\">Estaba leyendo cuando se cay\u00f3 el jarr\u00f3n (imperfecto + indefinido)<\/span><\/p>\n<p class=\"centered\"><img decoding=\"async\" class=\"center-pic\" src=\"https:\/\/aulaalt.designladen.com\/wp-content\/uploads\/2017\/10\/imgcc016-2.jpg\" alt=\"\" \/><\/p>\n<p>Im Musterbeispiel wird deutlich, dass das <em>Indefinido<\/em> f\u00fcr eine einmalige und punktuelle Handlung (\u201ccaerse el jarr\u00f3n\u201c) verwendet wird. Das <em>Imperfecto <\/em>dagegen liefert den deskriptiven Hintergrund des Geschehens (\u201cestar leyendo\u201d).<\/p>\n<p>\u00a0<em>Indefinido<\/em> = erz\u00e4hlerische Perspektive; <em>Imperfecto<\/em> = beschreibende Perspektive<\/p>\n<p>\u00a0Ein weiterer Ratschlag: Man verinnerlicht diese Regel idealerweise mittels eines schematisierten Zeichens mit Symbol-Charakter. F\u00fcr das Zusammenspiel von <em>Imperfecto<\/em> und <em>Indefinido<\/em> (besprochener Fall) schlagen wir folgendes Zeichen vor:<\/p>\n<p class=\"centered\"><img decoding=\"async\" class=\"left-pic\" src=\"https:\/\/aulaalt.designladen.com\/wp-content\/uploads\/2017\/10\/img019995-2.jpg\" alt=\"\" \/><\/p>\n<p><span style=\"color: #003366;\"><em>Imperfecto<\/em> vs. <em>Indefinido<\/em> &#8211; Hintergrund einer Handlung (<em>Imperfecto<\/em>) vs. konkretes Ereignis (<em>Indefinido<\/em>)<\/span><\/p>\n<h2 id=\"recorrido\"><span style=\"color: #003366;\">3. Vorgegebener oder freier Verlauf\u00a0<\/span><\/h2>\n<p>In den \u00dcbungen des Moduls Grammatik k\u00f6nnen Sie zwischen zwei Verlaufsm\u00f6glichkeiten w\u00e4hlen:<\/p>\n<ul style=\"list-style-type: circle;\">\n<li>Einem <em>vorgegebenen Verlauf <\/em>(<em>nach Lehrplan<\/em>): Bei dieser Variante gibt das System eine \u00dcbungsfolge vor, die in 10 Etappen gegliedert ist (die \u00dcbungsabfolge zeigt ein durchnummerierter Balken von 1-10).<\/li>\n<\/ul>\n<p style=\"padding-left: 60px;\">\u2192 Dieser Weg ist ideal, um ein grammatisches Thema in systematischer und progressiver Form anzugehen.<\/p>\n<p class=\"centered\"><img decoding=\"async\" class=\"left-pic\" style=\"width: 50%;\" src=\"https:\/\/aulaalt.designladen.com\/wp-content\/uploads\/2017\/10\/ss-2.png\" alt=\"\" \/><\/p>\n<ul style=\"list-style-type: circle;\">\n<li>Einem freien Verlauf (der User w\u00e4hlt<em>)<\/em>: Der User kann sich innerhalb eines grammatischen Themas f\u00fcr verschiedene \u00dcbungen entscheiden. Diese k\u00f6nnen aus 10 Bereichen gew\u00e4hlt werden und haben unterschiedliche Schwierigkeitsgrade.<\/li>\n<\/ul>\n<p style=\"padding-left: 60px;\">\u2192 Dieser Modus eignet sich besonders, wenn man seinen Fortschrittsverlauf personalisieren m\u00f6chte. Zum Beispiel: Subjuntivo &gt; Oraciones completivas &gt; B1<\/p>\n<p class=\"centered\"><img decoding=\"async\" style=\"width: 73%;\" src=\"https:\/\/aulaalt.designladen.com\/wp-content\/uploads\/2017\/10\/zzzzz-2.png\" alt=\"\" \/><\/p>\n<h2 id=\"ejercicios\"><span style=\"color: #003366;\">4.\u00a0L\u00fccken\u00fcbungen<\/span><\/h2>\n<p>Beim Arbeiten mit L\u00fccken\u00fcbungen, sollten folgende Richtlinien ber\u00fccksichtigt werden:<\/p>\n<p><img decoding=\"async\" src=\"https:\/\/aulaalt.designladen.com\/wp-content\/uploads\/2017\/10\/33-2.png\" alt=\"\" \/><\/p>\n<p class=\"centered\"><img decoding=\"async\" style=\"width: 52%;\" src=\"https:\/\/aulaalt.designladen.com\/wp-content\/uploads\/2017\/10\/33-3.png\" alt=\"\" \/><\/p>\n<h2 id=\"correccion\"><span style=\"color: #003366;\">5. Korrektur der \u00dcbungen <\/span><\/h2>\n<ul style=\"list-style-type: circle;\">\n<li>\n<p>Die Fehler werden durch das Anklicken der Taste <em>Comprobar<\/em> korrigiert.<\/p>\n<\/li>\n<li>\n<p>Nach der Fehleranalyse besteht die M\u00f6glichkeit, die \u00dcbungen, in denen Fehler gemacht wurden, zu wiederholen (Taste <em>Repetir<\/em>).<\/p>\n<\/li>\n<li>\n<p>Um die L\u00f6sungen der Aufgaben zu sehen, dient die Taste <em>Soluci\u00f3n<\/em>.\u00a0<\/p>\n<\/li>\n<\/ul>\n<p class=\"\"><img decoding=\"async\" style=\"width: 73%;\" src=\"https:\/\/aulaalt.designladen.com\/wp-content\/uploads\/2017\/10\/rrrr-2.png\" alt=\"\" \/><img decoding=\"async\" style=\"width: 18%;\" src=\"https:\/\/aulaalt.designladen.com\/wp-content\/uploads\/2017\/10\/rrrr-3.png\" alt=\"\" \/><\/p>\n<p>Es muss jedoch ber\u00fccksichtigt werden, dass die Korrektur der \u00dcbungen \u00fcber Einschr\u00e4nkungen verf\u00fcgt. Das System erkennt nur die L\u00f6sungen als korrekt an, die entsprechend vorgesehen wurden. Aufgrund der Flexibilit\u00e4t der Sprache, ist es nicht immer einfach, alle akzeptablen Antworten in den L\u00f6sungen bereitzustellen. Es wurde jedoch sichergestellt, dass die gel\u00e4ufigsten Formen vom System akzeptiert werden.<\/p>\n<p>Wenn Sie glauben, einen Fehler entdeckt zu haben oder meinen, dass Ihre L\u00f6sung richtig ist, aber vom System nicht als richtig erkannt wird, k\u00f6nnen Sie uns \u00fcber den Link <em>Contactar<\/em> dar\u00fcber informieren.<\/p>\n","protected":false},"excerpt":{"rendered":"<p>&nbsp; Theorie und Praxis Graphische Veranschaulichung Vorgegebener oder freier Verlauf L\u00fccken\u00fcbungen Korrektur der \u00dcbungen 1. Theorie und Praxis Aula bietet die M\u00f6glichkeit, sowohl theoretische Inhalte zu lernen als auch f\u00fcr die Praxis relevante \u00dcbungen zu machen. \u00a0Im theoretischen Teil kann<span class=\"ellipsis\">&hellip;<\/span><\/p>\n<div class=\"read-more\"><a href=\"https:\/\/aulaalt.designladen.com\/?page_id=10004\">Weiterlesen \u203a<\/a><\/div>\n<p><!-- end of .read-more --><\/p>\n","protected":false},"author":2,"featured_media":0,"parent":9952,"menu_order":0,"comment_status":"open","ping_status":"open","template":"unterseiten.php","meta":{"footnotes":""},"wf_page_folders":[],"class_list":["post-10004","page","type-page","status-publish","hentry"],"_links":{"self":[{"href":"https:\/\/aulaalt.designladen.com\/index.php?rest_route=\/wp\/v2\/pages\/10004","targetHints":{"allow":["GET"]}}],"collection":[{"href":"https:\/\/aulaalt.designladen.com\/index.php?rest_route=\/wp\/v2\/pages"}],"about":[{"href":"https:\/\/aulaalt.designladen.com\/index.php?rest_route=\/wp\/v2\/types\/page"}],"author":[{"embeddable":true,"href":"https:\/\/aulaalt.designladen.com\/index.php?rest_route=\/wp\/v2\/users\/2"}],"replies":[{"embeddable":true,"href":"https:\/\/aulaalt.designladen.com\/index.php?rest_route=%2Fwp%2Fv2%2Fcomments&post=10004"}],"version-history":[{"count":0,"href":"https:\/\/aulaalt.designladen.com\/index.php?rest_route=\/wp\/v2\/pages\/10004\/revisions"}],"up":[{"embeddable":true,"href":"https:\/\/aulaalt.designladen.com\/index.php?rest_route=\/wp\/v2\/pages\/9952"}],"wp:attachment":[{"href":"https:\/\/aulaalt.designladen.com\/index.php?rest_route=%2Fwp%2Fv2%2Fmedia&parent=10004"}],"wp:term":[{"taxonomy":"wf_page_folders","embeddable":true,"href":"https:\/\/aulaalt.designladen.com\/index.php?rest_route=%2Fwp%2Fv2%2Fwf_page_folders&post=10004"}],"curies":[{"name":"wp","href":"https:\/\/api.w.org\/{rel}","templated":true}]}}

<p>&nbsp;</p>
<ul class="quieres">
<li><a href="#theoria">Theorie und Praxis </a></li>
<li><a href="#imagenes">Graphische Veranschaulichung </a></li>
<li><a href="#recorrido">Vorgegebener oder freier Verlauf </a></li>
<li><a href="#ejercicios">Lückenübungen </a></li>
<li><a href="#correccion">Korrektur der Übungen </a></li>
</ul>
<p><img decoding="async" class="right-pic" src="https://aulaalt.designladen.com/wp-content/uploads/2017/10/img01966-4.jpg" alt="" /></p>
<h2 id="theoria"><span style="color: #003366;">1. Theorie und Praxis</span></h2>
<p><em>Aula</em> bietet die Möglichkeit, sowohl theoretische Inhalte zu lernen als auch für die Praxis relevante Übungen zu machen.</p>
<p> Im theoretischen Teil kann man auf Lernkarten und Videos zugreifen und Im praktischen Teil kann man sich zwischen einem vorgegeben Verlauf und einem frei wählbaren Verlauf  entscheiden.</p>
<p>Da sich <em>Aula</em> derzeit noch im Aufbau befindet, sind noch nicht alle vorgesehenen Themen verfügbar. Wir bitten deshalb um Verständnis.</p>
<h2 id="imagenes"><span style="color: #003366;">2. Graphische Veranschaulichung </span></h2>
<p>Unser Gedächtnis erinnert sich besser an konkrete Darstellungen als an abstrakte Konzepte.</p>
<p>Es ist daher empfehlenswert, jede Grammatikregel mit einem repräsentativen Musterbeispiel zu assoziieren. Diese Musterbeispiele werden mit Hilfe von schematisierten Zeichnungen mit prototypischem Charakter veranschaulicht. Dadurch können nachhaltigere Lernergebnisse gewährleistet werden.</p>
<p>Beispiel: Möchte man im Spanischen das Zusammenspiel von <em>Imperfecto</em> und <em>Indefinido</em> innerhalb eines Satzes verinnerlichen, so lernt man dieses am besten mit Musterbeispielen (und ihren entsprechenden Zeichnungen), in denen die Grundegeln der Verwendung von <em>Imperfecto</em> und <em>Indefinido</em> zusammengefasst werden.</p>
<p>Eine dieser Regeln spiegelt sich in paradigmatischer Form im folgenden Satz wider:</p>
<p style="padding-left: 60px;"><span style="color: #003366;">Estaba leyendo cuando se cayó el jarrón (imperfecto + indefinido)</span></p>
<p class="centered"><img decoding="async" class="center-pic" src="https://aulaalt.designladen.com/wp-content/uploads/2017/10/imgcc016-2.jpg" alt="" /></p>
<p>Im Musterbeispiel wird deutlich, dass das <em>Indefinido</em> für eine einmalige und punktuelle Handlung (“caerse el jarrón“) verwendet wird. Das <em>Imperfecto </em>dagegen liefert den deskriptiven Hintergrund des Geschehens (“estar leyendo”).</p>
<p> <em>Indefinido</em> = erzählerische Perspektive; <em>Imperfecto</em> = beschreibende Perspektive</p>
<p> Ein weiterer Ratschlag: Man verinnerlicht diese Regel idealerweise mittels eines schematisierten Zeichens mit Symbol-Charakter. Für das Zusammenspiel von <em>Imperfecto</em> und <em>Indefinido</em> (besprochener Fall) schlagen wir folgendes Zeichen vor:</p>
<p class="centered"><img decoding="async" class="left-pic" src="https://aulaalt.designladen.com/wp-content/uploads/2017/10/img019995-2.jpg" alt="" /></p>
<p><span style="color: #003366;"><em>Imperfecto</em> vs. <em>Indefinido</em> &#8211; Hintergrund einer Handlung (<em>Imperfecto</em>) vs. konkretes Ereignis (<em>Indefinido</em>)</span></p>
<h2 id="recorrido"><span style="color: #003366;">3. Vorgegebener oder freier Verlauf </span></h2>
<p>In den Übungen des Moduls Grammatik können Sie zwischen zwei Verlaufsmöglichkeiten wählen:</p>
<ul style="list-style-type: circle;">
<li>Einem <em>vorgegebenen Verlauf </em>(<em>nach Lehrplan</em>): Bei dieser Variante gibt das System eine Übungsfolge vor, die in 10 Etappen gegliedert ist (die Übungsabfolge zeigt ein durchnummerierter Balken von 1-10).</li>
</ul>
<p style="padding-left: 60px;">→ Dieser Weg ist ideal, um ein grammatisches Thema in systematischer und progressiver Form anzugehen.</p>
<p class="centered"><img decoding="async" class="left-pic" style="width: 50%;" src="https://aulaalt.designladen.com/wp-content/uploads/2017/10/ss-2.png" alt="" /></p>
<ul style="list-style-type: circle;">
<li>Einem freien Verlauf (der User wählt<em>)</em>: Der User kann sich innerhalb eines grammatischen Themas für verschiedene Übungen entscheiden. Diese können aus 10 Bereichen gewählt werden und haben unterschiedliche Schwierigkeitsgrade.</li>
</ul>
<p style="padding-left: 60px;">→ Dieser Modus eignet sich besonders, wenn man seinen Fortschrittsverlauf personalisieren möchte. Zum Beispiel: Subjuntivo &gt; Oraciones completivas &gt; B1</p>
<p class="centered"><img decoding="async" style="width: 73%;" src="https://aulaalt.designladen.com/wp-content/uploads/2017/10/zzzzz-2.png" alt="" /></p>
<h2 id="ejercicios"><span style="color: #003366;">4. Lückenübungen</span></h2>
<p>Beim Arbeiten mit Lückenübungen, sollten folgende Richtlinien berücksichtigt werden:</p>
<p><img decoding="async" src="https://aulaalt.designladen.com/wp-content/uploads/2017/10/33-2.png" alt="" /></p>
<p class="centered"><img decoding="async" style="width: 52%;" src="https://aulaalt.designladen.com/wp-content/uploads/2017/10/33-3.png" alt="" /></p>
<h2 id="correccion"><span style="color: #003366;">5. Korrektur der Übungen </span></h2>
<ul style="list-style-type: circle;">
<li>
<p>Die Fehler werden durch das Anklicken der Taste <em>Comprobar</em> korrigiert.</p>
</li>
<li>
<p>Nach der Fehleranalyse besteht die Möglichkeit, die Übungen, in denen Fehler gemacht wurden, zu wiederholen (Taste <em>Repetir</em>).</p>
</li>
<li>
<p>Um die Lösungen der Aufgaben zu sehen, dient die Taste <em>Solución</em>. </p>
</li>
</ul>
<p class=""><img decoding="async" style="width: 73%;" src="https://aulaalt.designladen.com/wp-content/uploads/2017/10/rrrr-2.png" alt="" /><img decoding="async" style="width: 18%;" src="https://aulaalt.designladen.com/wp-content/uploads/2017/10/rrrr-3.png" alt="" /></p>
<p>Es muss jedoch berücksichtigt werden, dass die Korrektur der Übungen über Einschränkungen verfügt. Das System erkennt nur die Lösungen als korrekt an, die entsprechend vorgesehen wurden. Aufgrund der Flexibilität der Sprache, ist es nicht immer einfach, alle akzeptablen Antworten in den Lösungen bereitzustellen. Es wurde jedoch sichergestellt, dass die geläufigsten Formen vom System akzeptiert werden.</p>
<p>Wenn Sie glauben, einen Fehler entdeckt zu haben oder meinen, dass Ihre Lösung richtig ist, aber vom System nicht als richtig erkannt wird, können Sie uns über den Link <em>Contactar</em> darüber informieren.</p>

<p>&nbsp; Theorie und Praxis Graphische Veranschaulichung Vorgegebener oder freier Verlauf Lückenübungen Korrektur der Übungen 1. Theorie und Praxis Aula bietet die Möglichkeit, sowohl theoretische Inhalte zu lernen als auch für die Praxis relevante Übungen zu machen.  Im theoretischen Teil kann<span class="ellipsis">&hellip;</span></p>
<div class="read-more"><a href="https://aulaalt.designladen.com/?page_id=10004">Weiterlesen ›</a></div>
<p><!-- end of .read-more --></p>
